3. List the prime factors of h(1).
2, 5, 41
Let z(w) = w**3 + 11*w**2 + 7*w - 8. Let m be z(-10). Suppose 0 = 3*o - 139 + m. What are the prime factors of o?
3, 13
Suppose 4*t - 3*b + 2696 = 0, -4*b + b - 2720 = 4*t. Let f = -403 - t. What are the prime factors of f?
2, 137
Let j be 0/(22/10 + 10/(-50)). Suppose 0 = -2*d - 5*x + 23, -d - 3*d + 5*x + 121 = j. What are the prime factors of d?
2, 3
Let o(n) be the first derivative of -n**3/3 + 6*n**2 - 11*n - 3. Let l be o(11). Suppose 4*a = -3*h + 113, l*a = a + 4*h - 25. List the prime factors of a.
29
Suppose -3*k = -5*k. Suppose 4*z - 30 - 22 = k. List the prime factors of z.
13
Suppose 0 = -7*t - 403 + 1621. List the prime factors of t.
2, 3, 29
Let w be (-1)/(-2) - 3435/30. What are the prime factors of 12/w - (-2854)/38?
3, 5
Let y(a) = 118*a**2 + 10*a + 6. List the prime factors of y(-5).
2, 1453
Suppose -43 = -4*p + 137. Let q = 31 + p. Suppose 0 = 3*n - 98 - q. List the prime factors of n.
2, 29
Let b(y) = -2*y**2 + 9*y - 4. Let d be b(9). Let j = -11 - d. What are the prime factors of j?
2, 37
Let l(p) = -165 + 6*p + 27*p**2 + 163 - 4*p. List the prime factors of l(2).
2, 5, 11
Let c be (3/(-18))/((-16)/(-120))*-172. Let f = c + -117. What are the prime factors of f?
2, 7
Let v = 57 - 19. Suppose 4*g = 78 + v. Let t = -26 + g. List the prime factors of t.
3
Suppose 2*f + 0*f = f. Suppose 0*o + 2*o - 174 = f. What are the prime factors of o?
3, 29
Let j = 31 + -32. Let z = j - 15. Let p = 35 + z. List the prime factors of p.
19
Suppose r + 2*r - 12 = 0. Suppose 8*q - 36 + 12 = 0. Suppose 0 = q*f + 3, 2*o - r*o = f - 3. List the prime factors of o.
2
Let z(l) = -4*l. Suppose 0 = 2*k + k + 66. Let b = -24 - k. List the prime factors of z(b).
2
Let v = 86 - 58. Suppose 3*l - v = -l. Suppose -18 = -l*f + 10. List the prime factors of f.
2
Suppose 26*x = 51*x - 46550. What are the prime factors of x?
2, 7, 19
Let x(t) = -116*t - 295. List the prime factors of x(-20).
3, 5
Let g = -6 - -384. Suppose -5*n + g = n. What are the prime factors of n?
3, 7
Let u(k) = 53*k - 3. Let x be u(-1). Let m = x + 117. List the prime factors of m.
61
Let i(p) = -p**2 - 3*p + 3. Let l be i(2). Let h be (-3)/(((-21)/6)/l). What are the prime factors of (-2)/h - 1952/(-48)?
41
Suppose -4 = -10*n + 6*n. Let k = 5 + n. What are the prime factors of k?
2, 3
Suppose -3*x + 6*x + v = 8, -5*v - 17 = -4*x. Suppose -346 = -5*q + 4*s, -3*q = -0*q + x*s - 213. List the prime factors of q.
2, 5, 7
Let f = 29 + 3. Suppose 0 = 4*o - 2*d - 2*d - 80, o = -3*d + f. What are the prime factors of o?
23
Suppose -4 = 2*r - 4*p, 5*p = 4*r + 4*p + 1. Suppose r = 4*m + 3*j - 316, -5*m + 189 = 5*j - 211. What are the prime factors of m?
2, 19
Suppose -3*y = 3*s + 9, 2 = 4*y + s - 1. Suppose 0 = -m - 5*v - 15, -5*m + 3 = -y*m + 3*v. What are the prime factors of 119/m - 2/(-10)?
2, 3
Let p(f) = 1395*f - 672. List the prime factors of p(5).
3, 11, 191
Let k = 1082 - -187. List the prime factors of k.
3, 47
Suppose 2*l - 3426 = -d, 3781 = 2*l - 3*d + 363. List the prime factors of l.
2, 107
Let a(b) = 2*b**2 - 10*b + 6. Let d(z) = -3*z**2 + 9*z - 7. Let c(h) = -4*a(h) - 3*d(h). Suppose 6*g + 48 = 3*g. What are the prime factors of c(g)?
3, 5
Let n(l) = -77*l**3 + 6*l**2 - 4. What are the prime factors of n(-3)?
2129
Let n(t) = t**3 + 4*t**2 + 2*t - 2. Let j be n(-3). Let h(l) = 3*l**2 + 3 + 3*l**2 - l**3 - j + 2*l - l. List the prime factors of h(6).
2
Let f(z) = 11*z - 14*z**2 - z**3 + 472 + z - 489. List the prime factors of f(-15).
2, 7
Let a = 13 - 29. Suppose -5*p + 123 = 108. Let i = p - a. List the prime factors of i.
19
Let z = 13 - 7. Suppose -z*j + 5*j + 16 = 0. Suppose 4*v - 64 + j = 0. List the prime factors of v.
2, 3
Suppose -7 = s - 32. Let y = -21 + s. Suppose 3*o = 6*o + y*l - 50, 69 = 4*o + 3*l. List the prime factors of o.
2, 3
Let i(w) = 3*w**2 + 2*w + 822. List the prime factors of i(0).
2, 3, 137
Let i = 430 - 276. Suppose -2*w = 3*b - 143, 156 + i = 4*w - 2*b. List the prime factors of w.
2, 19
Let k(t) be the second derivative of 1/20*t**5 + 0 + 5/3*t**3 + 2/3*t**4 + 12*t + 11/2*t**2. What are the prime factors of k(-6)?
23
Let l = 28 + -24. Let w be 12/(-30) - 652/(-5). Suppose -k + 114 = 4*d + l*k, 4*d - 3*k = w. List the prime factors of d.
31
Suppose -5*o + 3771 = 4*x, -7*o + 3753 = 4*x - 8*o. List the prime factors of x.
3, 313
List the prime factors of (161/28 - (-1)/4) + 4273.
11, 389
Let f be -4*(-5)/(10/(-13)). Let o = 29 + f. Suppose 0 = -o*d + 71 + 28. List the prime factors of d.
3, 11
Let s(o) = -2*o**3 - 4*o**2 - 2*o - 1. Let b be s(-5). Suppose -16 = z - b. List the prime factors of z.
11, 13
Let w(h) = h**3 + 8*h**2 + 6*h + 10. Let q be w(-7). Let d = q - -74. List the prime factors of d.
7, 13
Let u be 0 + -36 - (0 + -1). Let l = 98 + u. What are the prime factors of l?
3, 7
Suppose -4*f - 2*f = -348. What are the prime factors of f - 0 - (-1 - -1)?
2, 29
List the prime factors of (-1 - (-56)/3)*(-180)/(-20).
3, 53
What are the prime factors of (-2 - (-984)/18)/((-1)/(-3))?
2, 79
Suppose 0 = 5*w + 4 + 6. Let c = 58 + w. What are the prime factors of c?
2, 7
Let b(k) = 5*k + 25. Let u be b(19). Let f = u + -78. What are the prime factors of f?
2, 3, 7
Suppose 5*x - 222 = -c + 143, 0 = 5*c - 4*x - 1709. What are the prime factors of c?
3, 5, 23
Suppose -6*l + 54*l = 3264. List the prime factors of l.
2, 17
Let s(n) = 11*n - 2. Let r be s(2). Let j = -18 + r. What are the prime factors of 0 + 66/(j + -1)?
2, 3, 11
Let r(f) = f**3 + 12*f**2 - 30*f - 29. Let o be r(-14). Let z be (-1)/(-2*(-1)/(-4)). List the prime factors of 5 + (z + o - -1).
7
Let s(d) = d**2 - 11*d + 10. Let y be s(8). Let j = 17 + y. What are the prime factors of 9*(-3)/(j/(-1))?
3
Suppose -3*v + 4*s + 26 = 0, 2*v - 4 = 3*v + 5*s. Let t = -5 + v. List the prime factors of (-282)/(-10) - t/5.
2, 7
Let a(y) be the third derivative of 0*y + 0 - 5/24*y**4 + 1/6*y**3 - 4*y**2. List the prime factors of a(-5).
2, 13
Suppose 0 = -5*w + 8 - 13. Let z = 39 - w. Suppose -m + z = 4*m. What are the prime factors of m?
2
Let c(a) = -a**3 - 17*a**2 - 33*a - 1. What are the prime factors of c(-17)?
2, 5, 7
What are the prime factors of -9 - -10 - -2926 - 8?
3, 7, 139
Let t(p) = 11*p**3 + 7*p**2 + 2*p - 11. Let v(f) = 5*f**3 + 3*f**2 + f - 6. Let k(z) = -4*t(z) + 9*v(z). List the prime factors of k(3).
11
Suppose -12*h + 41 + 7 = 0. Suppose -l + 265 = h*l. List the prime factors of l.
53
Suppose -5*a - 7 = 8. Let i(k) = 5 + 5*k**2 + 0*k - 2*k - 4. List the prime factors of i(a).
2, 13
Suppose -7*m = 6*m - 130. List the prime factors of m.
2, 5
Let o(r) = 12*r**2 + 2*r + 1. Suppose 5*n = -v - 9 - 0, 2*n + 5*v - 1 = 0. List the prime factors of o(n).
3, 5
What are the prime factors of -3 + 20/4 + 603?
5, 11
Let b(h) = 193*h - 7. What are the prime factors of b(8)?
29, 53
Let m = -16 - -13. Let i(w) = 3 + 0 + 1 + w - 4*w. List the prime factors of i(m).
13
Suppose -u = -2*v - 15, -5*v - 34 = -2*u + 1. Suppose -u*y = 48 - 258. What are the prime factors of y?
2, 3, 7
Let o = 2 + 3. Let h = o + -1. Suppose -5*g = h*t - 61, t = 5*g - 8 - 8. List the prime factors of t.
3
Let s(r) = -1 + 0*r**2 - 87*r + 6*r**2 + 88*r. Let x = -4 - -7. List the prime factors of s(x).
2, 7
Let o = -20 - -25. Suppose w - 5*w - 4 = z, 0 = o*z - 4*w - 76. List the prime factors of (z/(-18))/(2/(-90)).
2, 3, 5
Let s(d) = 44*d - 25 + 10 + 19. List the prime factors of s(1).
2, 3
Let r = 1015 + -717. List the prime factors of r.
2, 149
Let s(f) = 29*f**2 + 9*f + 11. Let w be s(-6). Suppose 5*p - w = -286. Suppose 2*h - y = -0*y + 57, -5*h + p = -3*y. What are the prime factors of h?
2, 7
Suppose 2*z + 4*r - 274 = 0, 3*r - 377 = -4*z + 191. List the prime factors of z.
5, 29
Suppose 5*v - 11*m + 4*m = 15888, m + 3176 = v. List the prime factors of v.
2, 13, 61
Let u(f) = -f**3 + 23*f**2 - 11*f - 24. What are the prime factors of u(15)?
3, 179
Let r(x) = 3*x - 12. Let j be r(-12). Let z = 81 + j. Suppose -t + z = -0*t. List the prime factors of t.
3, 11
Let s be ((-2)/4)/1*2. What are the prime factors of (365/5)/(s/(-1))?
73
Let x(o) = o**2 - o - 3. Let s be 2/(-7) + 360/84. Let v be x(s). Let a(f) = f**3 - 7*f**2 - 11*f - 7. What are the prime factors of a(v)?
2, 7
Suppose 